42. What is the hundreds digit of w?
3
Let m be (10 - -1) + (-7)/1. Suppose -1400 = -m*a - a. What is the hundreds digit of a?
2
Let i(f) = f + 13. Let x be i(-8). Suppose -4*v = -7 - x. Suppose v*g - 74 = -17. What is the units digit of g?
9
Suppose 138*g - 22216 = 137*g - 3*x, 5*g - 111080 = -5*x. What is the thousands digit of g?
2
Suppose -56351 = -17*b - 13171. Let j = -1306 + b. What is the units digit of j?
4
Suppose -7941*b = -7929*b - 135420. What is the tens digit of b?
8
Let q(a) be the third derivative of -13*a**4/12 + 27*a**3/2 - 2*a**2 + 25*a. What is the tens digit of q(-6)?
3
Let p = -887 + 382. Let a = 1107 + p. What is the hundreds digit of a?
6
Let i = -430 - -630. Suppose -3*y = -3*s - 2*y - i, -4*s - 270 = 2*y. Let j = 115 + s. What is the units digit of j?
8
Let m(t) = 2*t**3 - 15*t**2 + 6*t - 7. Let y be m(7). What is the units digit of 4 + (282/4)/((-7)/y)?
5
Suppose 3*l - 1287095 = 20*l - 252*l. What is the units digit of l?
7
Let z(t) = -t**3 + 28*t**2 + 46*t - 77. Let r be z(28). Let s = r + -194. What is the hundreds digit of s?
0
Suppose 28*a - 46*a + 108 = 0. Suppose 0 = 3*t + 4*s - 3919, 8*t + 4*s = a*t + 2606. What is the hundreds digit of t?
3
Let r(t) = -20*t**2 - 27*t - 2. Let h be r(-6). What is the hundreds digit of 200/250*h/(1 + -3)?
2
Let z(g) = -g**3 + 8*g**2 + 12*g - 2. Let s be z(9). Suppose -s = -9*b + 4*b. Suppose 288 + 72 = b*p. What is the units digit of p?
2
Let x(t) = t**2 + 22*t - 72. Suppose 24 = i - 5*c + 4*c, -c + 60 = 3*i. What is the units digit of x(i)?
1
Let t = 1658 + 2769. Let p = 6358 - t. What is the tens digit of p?
3
Let v = 219 - 41. Suppose 0 = 4*p - 12 + 16, o = 2*p + v. What is the tens digit of o?
7
Let z = -61 + 65. Suppose -129 = -m + 5*a, -m + a - z*a = -161. What is the hundreds digit of m?
1
Suppose 3*l + 2*g = 2165, -3*g = -131*l + 135*l - 2887. What is the units digit of l?
1
Let y be (-1 - 0) + (1 - -72). Let q be (13/2)/((-10)/100). Let o = q + y. What is the units digit of o?
7
Suppose 5*u + 10796 - 40851 = -5*t, 4*u + 12052 = 2*t. What is the hundreds digit of t?
0
Suppose 0 = -9*a - 0*a. Suppose h + 0 = -a. Suppose -3*u + 4*r = -159, 3*u + h*r - 2*r - 153 = 0. What is the tens digit of u?
4
Let q(p) = p**3 + 3*p**2 + 3*p + 11. Let n be q(-3). Let a(m) = 35*m**3 + 4*m**2 - 10*m + 4. What is the tens digit of a(n)?
8
Suppose 0 = -2*z - 2*z - 2*f + 129130, -4*z + 2*f = -129142. What is the tens digit of z?
8
Suppose y = 17 - 15. Suppose 0 = 3*x - 5*x - y*r + 1660, x - 827 = -4*r. What is the tens digit of x?
3
Let p(t) = -t**2 + 9*t + 24. Suppose -9*a = -11*a + 22. Let h be p(a). Suppose -j + 15 = v - 4*j, -h*v = -5*j - 29. What is the units digit of v?
2
Suppose 16*t + 2*s = 20*t + 638, 157 = -t + 3*s. Suppose 4*k = -4 + 20, 0 = -2*r + 2*k - 884. Let j = t - r. What is the hundreds digit of j?
2
Let i(b) = 811*b + 1519. What is the hundreds digit of i(13)?
0
Let x = 678 - 258. Suppose -5*g - 14*v + 12*v = -31, 4*g = -v + 26. Suppose -g*k + k = -x. What is the tens digit of k?
7
Let w = -2233 - -3647. Let n = w - 1009. What is the tens digit of n?
0
Let s be ((0 - 2)/2)/(9/(-1485)). Let y = s - 95. Suppose 2*o - 5*f + f = y, 4*f = -o + 47. What is the tens digit of o?
3
Let n be (-7 - -4)/((-3)/98). Let g(q) = -q**2 + 6*q + 67. Let a be g(-6). Let p = n - a. What is the hundreds digit of p?
1
Let m = -3596 - -9217. What is the hundreds digit of m?
6
Let h be (0 - 2) + (2 - -9). Let n(g) = -g**2 - 10*g. Let c be n(-10). Suppose c = -d + 14 + h. What is the units digit of d?
3
Let g be (2 + -1)/(11/1826). Suppose u + 3*w + w + 48 = 0, -4*u - 282 = -2*w. Let i = u + g. What is the units digit of i?
8
Suppose 32158 = 94*k + 11008. What is the tens digit of k?
2
Suppose 0 = -3*z - f + 61082, 3*z + 128*f = 129*f + 61078. What is the ten thousands digit of z?
2
Let y(k) = -2266*k - 12133. What is the thousands digit of y(-20)?
3
Let t(u) = -685*u - 34. Let f be t(-5). Let a = -1551 + f. Suppose 0 = -9*q + q + a. What is the units digit of q?
0
Suppose -18*j - 17411 + 154823 = 0. What is the hundreds digit of j?
6
Let y(n) = n**3 + 21*n**2 + 10*n - 5. Suppose -3*o + 67*s - 69*s - 58 = 0, 3*o - s = -43. What is the units digit of y(o)?
5
Let t(h) = 4*h - 56. Let l be t(15). Suppose 1600 = l*x - 4*r + r, -x + 399 = -r. What is the tens digit of x?
0
Let z(k) = 645*k - 1654. What is the ten thousands digit of z(30)?
1
What is the units digit of (-27)/21 - ((-180)/63)/10 - -29400?
9
Let a = -339 - -338. What is the units digit of a - (-721 + 2 - -4)?
4
Suppose -3*o - 85*u + 11161 = -80*u, -4*u - 3709 = -o. Suppose -566*i = -569*i + o. What is the thousands digit of i?
1
What is the ten thousands digit of -63*(-19)/((-57)/(-745))?
1
Let m(h) = -h**2 + 34*h + 75. Let o be m(26). Let d = o - -238. What is the hundreds digit of d?
5
Suppose t = -4*b - 80, 20 = -0*b - b - 2*t. Let n = b + 131. Let o = -46 + n. What is the units digit of o?
5
Suppose s = -3*o + 2300, -6*s + 6868 = -3*s + o. What is the thousands digit of s?
2
Let f = -14069 + 34675. What is the ten thousands digit of f?
2
Let m(r) be the second derivative of 15*r**3/2 - 10*r**2 + 6*r + 6. What is the units digit of m(4)?
0
Suppose 2*v = 3*w - 49419, w = 3*v + 14173 + 2307. What is the tens digit of w?
7
Let n = -2747 + 3656. What is the tens digit of n?
0
Let j(v) = -16*v + 11. Let l be j(-9). Suppose 4*d + l = k - 0*k, 0 = 4*d + 5*k + 161. Let w = 91 - d. What is the hundreds digit of w?
1
Suppose -36*l + 24*l = -25*l + 421863. What is the units digit of l?
1
Let v = 801 - -1473. What is the thousands digit of v?
2
What is the hundreds digit of (9/(-72) - 6533/(-8))*6*1?
8
Let r = -8854 - -40724. What is the thousands digit of r?
1
Let m = -31 + 57. Suppose -6392*d - 117 = -6389*d. What is the units digit of (-9 - -1)/(m/d)?
2
Let x = 7514 + -6655. What is the units digit of x?
9
Let r be (1 - 4/5) + (-9)/(-5). Let b(d) = -d**3 + 3*d**2 - 4. Let o(a) = 3*a**3 - 5*a**2 - a + 9. Let x(z) = r*o(z) + 5*b(z). What is the units digit of x(-3)?
2
Suppose 4*u - 63 = 13. Let o = u + -3. Let i = 43 + o. What is the tens digit of i?
5
Let i(p) = -p**3 + 6*p**2 - 4*p + 8. Let z be i(4). Suppose 4*k = -2*x - z, 4*k - x - 3*x = 0. What is the tens digit of (1411/(-34))/(2/k)?
8
Let b(k) = -3*k**2. Let l be b(-1). Let a(j) = -8*j**3 - 3*j**2 + j - 5. Let p be a(l). Suppose 79 = 4*r - p. What is the tens digit of r?
6
Let j(o) = 2*o**3 - 6*o**2 - 37*o + 4. Let x be j(6). What is the units digit of x + 373 + (-1 - -1)?
1
What is the tens digit of (67148864/132)/8 + 28/462?
8
Let a = 5721 + -3699. What is the thousands digit of a?
2
Let y(q) = -8*q - 11. Let w(p) = -8*p - 11. Let o(i) = 6*w(i) - 7*y(i). Let s be o(-4). Let k = s + 52. What is the units digit of k?
1
Let g be (-251940)/(-476) + (-2)/7. Suppose -3*d + g = f, 6*d - 4*f - 700 = 2*d. What is the tens digit of d?
7
What is the thousands digit of 1629675/45 + (4 - (3 - 1))?
6
Let w = -114 - 635. Let r = -718 - w. What is the units digit of r?
1
What is the hundreds digit of ((-3)/(-15))/(16/49360)?
6
Suppose 7129 = -14*g - 3875. Let v be (-2046)/4 + (-3)/(-2) + -3. Let f = v - g. What is the tens digit of f?
7
Let h = -140 - -144. Suppose h*d - 4*n = 672, -2*n = 10*d - 5*d - 805. What is the units digit of d?
3
Let o(x) = 40*x + 140. Let l be o(-8). What is the tens digit of 4*1195*(-9)/l?
3
Suppose -5*b + 15152 = 3*r, -4*r - 2*b = -20824 + 626. What is the tens digit of r?
4
Suppose 4132*j + 6017592 = 4230*j. What is the ten thousands digit of j?
6
Let j(d) = 2*d + 4. Let o be j(0). Suppose -o = -2*s + t, 0 = s - 4*t + 9 + 3. Suppose 2*q - 25 = -s*m + 17, 2*m + 2*q = 18. What is the tens digit of m?
1
Let u = 21443 - -17469. What is the thousands digit of u?
8
Let k = 422 - 831. Let c = 948 + k. What is the units digit of c?
9
Suppose -223*w + 2641380 = 736291. What is the tens digit of w?
4
Suppose 4*w - 10 = 14. Suppose 2*p + 3*o = w*p - 4453, 2229 = 2*p + o. What is the thousands digit of p?
1
Let d = 228 - 222. Suppose d*c = -7*c + 3874. What is the hundreds digit of c?
2
Let k = 2812 - 2792. What is the units digit of k?
0
Let i(q) = -8*q**2 + 18*q + 160. Let f(t) = 4*t**2 - 9*t - 79. Let g(o) = 5*f(o) + 2*i(o). What is the tens digit of g(12)?
9
Let l(g) = -g**2 -